7. Let v(p) = -p**3 - 46*p**2 + 96*p + 2. What is v(g)?
2
Let q(x) = x**3 + x**2 - 6*x**2 - 4 - x**2 - x - 2*x**3. Let j be q(-6). Let d(f) = -f**3 + 2*f - 1. What is d(j)?
-5
Let n(h) be the second derivative of -4*h + 15 - 1/6*h**3 + 19/2*h**2. What is n(0)?
19
Let t(p) = -20*p + 5. Let q be 60/(-45)*6/(-8). Let g(k) = k - 1. Let x(h) = q*t(h) + 6*g(h). Let a = 3 - 2. Determine x(a).
-15
Let k(z) = -193*z + 544. Let u(x) = -75*x + 217. Let y(s) = -10*k(s) + 26*u(s). Calculate y(9).
22
Let b be 1296/(-180) - (-1)/5. Let h(j) = -j**3 - 6*j**2 - 10*j - 8. Give h(b).
111
Let i(j) = -j**3 - 6*j**2 - 3*j + 7. Let k be (-9)/3 + 8 - 8 - 0. Let g be i(k). Let v(m) = -2*m - 25. Calculate v(g).
-3
Let f(q) be the first derivative of q**2/2 + q + 1207. Suppose 0*c = -4*c + 16. Give f(c).
5
Let m be 59 - 2/12*-3*8. Suppose -10 = 73*k - m*k. Let a(l) = -10*l + 1. What is a(k)?
11
Suppose -k - 50 = x + 2*x, -4*x + 4*k = 56. Let l be (-4)/(-6)*(x + 7). Let c(u) = -u**2 - 8*u - 8. Give c(l).
4
Let b = 6953/6 - 1158. Let c(h) be the second derivative of 1/3*h**4 + 0 - b*h**3 + 1/20*h**5 + 7*h - 7/2*h**2. Give c(-5).
-7
Let o(z) = -4*z - 3*z - 2*z**2 + 2*z - 10 + 15. Let f(s) = 75*s - 2405. Let v be f(32). Give o(v).
-20
Let u(f) = 2*f - 11*f - 8*f + 3 + 29*f + f**2 - 3*f. Suppose -3*o - o + 60 = 0. Suppose 60 - o = -5*b. Calculate u(b).
3
Let k(s) = 4*s**3 - 31 + 81 - 45 + 6*s**2 - 5*s**3 - 7*s. Let d = 23 + -14. Let z(x) = x - 4. Let n be z(d). Determine k(n).
-5
Let i be (1*-4)/(-1) + 472 + -470. Let o(w) = -w**2 + 7*w - 3. Calculate o(i).
3
Let o = 81 + -78. Suppose -3*c + 30 = 3*w, 4*c + o - 46 = -w. Let g(n) = -n**2 + 11*n + 6. Determine g(c).
6
Let k = -77 + 78. Let x be -2 - (1 + k*(-16)/(-4)). Let c(f) = 7*f**2 + 21*f - 2. Let b(u) = 4*u**2 + 11*u - 1. Let v(n) = -5*b(n) + 3*c(n). Determine v(x).
-8
Let x = -6 + 10. Let l(n) = -5*n**3 - 1 + 5 + 4*n**3 + x. Suppose -211*r = -208*r. Give l(r).
8
Let b(n) = -3*n**2 - 7*n - 2. Let h(z) = z**2 + z. Let q(c) = b(c) + 2*h(c). Let m = -451 + 460. Suppose 4*a = m*a + 20. Calculate q(a).
2
Let s(q) = -q**3 - 3*q**2 + 1. Let f be (-1006)/11 + (-114)/209. Let h = f + 89. Calculate s(h).
1
Let d(c) = c**2 + 3*c - 2. Let q be d(-4). Suppose 0 = -27*g + 28*g - q. Suppose -g*n + 0 - 4 = 0. Let j(a) = 7*a. Give j(n).
-14
Let p(k) = -k**2 - 7*k + 2. Let q be (-6 - -8)*316/8. Let n = -51 + q. Suppose 14*j - 10*j = -n. Determine p(j).
2
Let t(f) = -402*f + 4 - 2*f**3 - 398*f + 26*f**2 + 828*f. Determine t(14).
4
Let c(g) = g + 4. Suppose 4*o + 6 - 2 = -3*t, -2*t = 8. Suppose -5*r = 3*j - 136, -4*j = -o*r + 5*r - 163. Suppose 0 = -4*f + j - 13. What is c(f)?
10
Let r(f) = 2*f**3 + 6*f**2 - 6*f + 22. Let c be r(-8). Let s = c + 562. Let b(w) = 3*w + 6 - 11*w + 2*w**2 - 3*w**2. Determine b(s).
6
Let l(y) = -y - 2. Suppose 23 - 5 = 6*d. Let k be (-1)/(-2) - d/6. Suppose k = 4*s - s. What is l(s)?
-2
Let j(b) = -b**2 + 7*b + 5. Suppose -2 - 13 = -5*d, 5*q + 5*d = 40. Suppose l + 33 = 2*l - q*h, 5*h = 2*l - 41. Calculate j(l).
-3
Let p(h) = -h**3 + 9*h**2 - 10*h + 23. Suppose 0 = 3*u - 0 - 24. Let x be p(u). Let s(w) = -2*w + 0*w + 6 + w. Calculate s(x).
-1
Suppose 1959 = 15*b - 561. Let z be ((-2)/6)/(14/b). Let x(q) = -3 + 0*q + 4 + q + 1. Give x(z).
-2
Let p be 12/28 + (-3)/7. Suppose 8*u - 6 - 2 = p. Let c(t) = 6 - 4*t + 2*t - u - 3. What is c(2)?
-2
Let k be (3/(-6))/((-5)/330). Suppose 3*n = -3*a - k, -4*n + 0*a + a = 19. Let q(s) = -4*s + 5. Calculate q(n).
29
Let b(s) = 6*s**2. Let m(y) be the third derivative of -y**6/120 + 11*y**5/60 - 3*y**4/8 - 2*y**3 - 4*y**2 - 2. Let q be m(10). Give b(q).
24
Let q(n) = -5*n**2 + 112 + 66*n + 111 + 120 - 348. Calculate q(13).
8
Let l be 58/(-18) - (-4)/18. Let u(t) be the third derivative of -t**6/120 - t**5/20 + t**4/24 - t**3/3 + 2*t**2 + 7512. Give u(l).
-5
Let m = -9 - -10. Let j be 3 + (m/2 - (-10)/4). Let x(l) be the third derivative of l**5/60 - l**4/3 + 5*l**3/6 + l**2 + 41. Calculate x(j).
-7
Let g(l) be the first derivative of 7/6*l**3 + 1/12*l**4 - 11 + 0*l - 19/2*l**2. Let b(z) be the second derivative of g(z). Calculate b(-6).
-5
Let b(x) be the first derivative of x**2/2 + 3*x - 1. Suppose -13*t + 31 = 5. Suppose -3*o + 21 - 12 = j, 3*j + t*o = -1. Calculate b(j).
0
Let c be 3/(-4)*(-8 + 16). Let x be (-29 + 27)*33/c. Let q(z) = z - 13. Determine q(x).
-2
Let p(b) = 5*b**2 + 6. Let a(x) = 198*x - 3564. Let g be a(18). Give p(g).
6
Let z(s) = 4*s - 3. Let t = 34 - 30. Let w(m) = 3*m - 3. Let q(x) = t*z(x) - 5*w(x). Let j(i) = i**2 + 5*i - 9. Let n be j(-7). Calculate q(n).
8
Let g(u) = -5*u - 88 + 128 - 6*u + 4*u + 2*u. Calculate g(8).
0
Let v(s) = -8 - 29 + 59 - 33 - 3*s. Determine v(4).
-23
Let u(z) = -11*z**2 - 30*z + 16. Let g(p) = -5*p**2 - 13*p + 8. Suppose -15 = -3*t - 4*r, 0 = 2*r - 0*r + 6. Let c(a) = t*g(a) - 4*u(a). Calculate c(6).
-10
Let v(a) = -2*a + 55. Suppose -2*s - 94 = -3*z - 44, 2*z = -3*s + 42. Determine v(z).
19
Suppose 40*c = 15*c + 75. Let l(d) = 5*d - 498*d**2 - 1 - 3*d + 3*d**c + 498*d**2. Determine l(1).
4
Let f(y) be the first derivative of 2*y**3/3 + y**2 - 3*y + 15. Let n = 13 - 16. Give f(n).
9
Let t = -12114 - -12113. Let m(g) = 114*g + 5. What is m(t)?
-109
Suppose -235 = 3*r - 5*m, 0*r - 144 = 2*r + 3*m. Let c be (r/20)/(9/(-12)). Let w(l) = l + 0*l + 4 + 3. Give w(c).
12
Let m(x) = -256*x - 5109. Let i be m(-20). Let t(y) = -y**3 + 11*y**2 + 12*y + 22. Determine t(i).
154
Let p(u) = u**2 + 0*u**2 - 25 + 13 - 21 - 8 - 3*u. Calculate p(13).
89
Let l(s) = 863*s - 27 - 52 - 2*s**2 + 44 - 790*s - 106. Determine l(2).
-3
Let r = -418 + 40. Let j be r/(-105) - (-6)/(-10)*1. Let b(z) = -5*z. What is b(j)?
-15
Let p(h) = 4*h**3 + 3*h + 2. Suppose 0 = -2*j + 142 - 152, -2*i + j + 3 = 0. What is p(i)?
-5
Suppose 0 = -16*r - 568 + 616. Let x(a) = -a**2 + a + 6. Calculate x(r).
0
Suppose -14*z = 30*z + 174 + 354. Let h(x) = x**3 + 10*x**2 - 29*x + 3. Give h(z).
63
Let s(f) = 2*f**2 - 45*f + 34. Let p(t) = t**2 - 24*t + 18. Let b(m) = 11*p(m) - 6*s(m). Give b(3).
3
Let l = -99 + 113. Let c(x) = 13*x - l*x**2 + 26 + x**3 + 25 + 20 - 68. Give c(13).
3
Let a(l) = 3114*l**2 - 1346 - 49*l - 3112*l**2 + 1317. What is a(25)?
-4
Let j(l) = 6*l + 88. Suppose 0 = -120*r + 56*r + 52*r - 192. Give j(r).
-8
Let j(k) = -5*k**2 - 2*k + 1. Let f be j(1). Let m(p) = -257*p + 7. Let x(r) = 77*r - 3. Let w(y) = -3*m(y) - 10*x(y). Calculate w(f).
3
Let r = 87 + -87. Suppose 2*z + 64 - 58 = r. Let n(l) = -2*l**2 - 2*l - 2. Give n(z).
-14
Let t(c) = -c + 9. Let h be 1/2 - (-99)/(-6). Let g be (-2 - (-2)/(-4))/(4/h). Give t(g).
-1
Let y(g) = -7 - 19*g**2 + 27 + 14*g - 73*g**2 + 90*g**2. Give y(8).
4
Let g = 3542 - 3539. Let v(f) be the first derivative of -f**2 - 29 + 1/3*f**g + 2*f. Determine v(3).
5
Let s(g) = 2*g + 8. Let o = -12 + 21. Let k(m) = 1. Let p(b) = -b - 4. Let j(n) = 6*k(n) + p(n). Let a be j(o). Determine s(a).
-6
Let n(j) = -j**2 - 6*j + 1. Let r = -4648 + 4693. Let v be 104/2*-1 - -1. Let o = r + v. Calculate n(o).
1
Suppose 2*z = -3*v - 97, 4*v = 5*z - 0*v + 208. Let t = z - -46. Let b(i) = -4 - 2*i + 6*i**2 + 7*i + 0*i**t - 13*i**3 + 14*i**3. What is b(-5)?
-4
Let t(b) be the first derivative of -2*b**3 - 3*b**2/2 + 5*b + 54. Let v be t(1). Let h(j) = -4*j + 5*j - 5 + 1 + 0. Calculate h(v).
-8
Let j(p) = -2*p**3 - p**2 + 5. Let x(w) = -11*w**3 + 3*w**2 - 20*w + 53. Let k(q) = -6*j(q) + x(q). Calculate k(-11).
1
Let f be (-111)/(-185) + 66/(-10). Let n be (4/f)/(2*(-1)/42). Suppose 0 = -4*a + n - 2. Let s(b) = -b**2 + 5*b - 3. Calculate s(a).
3
Let a(j) = j**2 - 4*j - 3. Let b(l) be the third derivative of 0*l - 24*l**2 + 0 + 11/6*l**3 - 1/60*l**5 + 1/6*l**4. Let r be b(5). What is a(r)?
9
Let m(y) be the first derivative of -13*y**2 + 7*y - 1021. Determine m(-2).
59
Let y(w) = -w**2 - 3*w - 7. Let v be ((2 - -8) + -3)*108/(-126) - -12. What is y(v)?
-61
Let s(n) = 4*n**2 + n - 1. Let k be 4 - (-6 + 24 + 1). Let i(v) = -v - 17. Let l be i(k). Give s(l).
13
Let l = 668 - 662. Let x(y) = 29*y + 17. Let z(n) = 25*n + 16. Let g(r) = l*x(r) - 7*z(r). Give g(8).
-18
Let y(a) be the third derivative of -a**6/360 - 11*a**5/120 - a**4/3 + 103*a**3/6 - 40*a**2. Let h(q) be the first derivative of y(q). Give h(-11).
-8
Let n(x) = -2 - 3*x + 2*x**2 + 5 + 5*